{"id":10629,"date":"2021-04-30T15:15:06","date_gmt":"2021-04-30T13:15:06","guid":{"rendered":"https:\/\/www.bunterwaesche.com\/shop_ch\/?post_type=product&#038;p=10629"},"modified":"2025-08-28T16:06:08","modified_gmt":"2025-08-28T14:06:08","slug":"top-mit-pads-black","status":"publish","type":"product","link":"https:\/\/www.bunterwaesche.com\/shop_ch\/produkt\/top-mit-pads-black\/","title":{"rendered":"Top mit Pads black"},"content":{"rendered":"<p>schwarzes Tr\u00e4gertop f\u00fcr Damen<br \/>\naus der SCHIESSER-Serie &#8222;&#8220;Invisible Soft&#8220;&#8220;<br \/>\nmit herausnehmbaren Pads f\u00fcr perfekten Halt<br \/>\nV-Ausschnitt<br \/>\nunsichtbar selbst unter eng anliegender Kleidung<br \/>\nin extra-softer, elastischer Microfaser-Qualit\u00e4t mit Peach-Finish<br \/>\nMaterial<br \/>\n75% PA, 25% EL<\/p>\n","protected":false},"excerpt":{"rendered":"<p>schwarzes Tr\u00e4gertop f\u00fcr Damen aus der SCHIESSER-Serie &#8222;&#8220;Invisible Soft&#8220;&#8220; mit herausnehmbaren Pads f\u00fcr perfekten Halt V-Ausschnitt unsichtbar selbst unter eng anliegender Kleidung in extra-softer, elastischer Microfaser-Qualit\u00e4t mit Peach-Finish Material 75% PA, 25% EL<\/p>\n","protected":false},"featured_media":10653,"template":"","meta":[],"product_brand":[],"product_cat":[433],"product_tag":[30,168],"class_list":{"0":"post-10629","1":"product","2":"type-product","3":"status-publish","4":"has-post-thumbnail","6":"product_cat-schiesser","7":"product_tag-black","8":"product_tag-schwarz","9":"pa_groesse-l","10":"pa_groesse-m","11":"pa_groesse-s","12":"pa_groesse-xl","13":"pa_groesse-xs","14":"pa_groesse-xxl","16":"first","17":"instock","18":"taxable","19":"shipping-taxable","20":"purchasable","21":"product-type-variable"},"_links":{"self":[{"href":"https:\/\/www.bunterwaesche.com\/shop_ch\/wp-json\/wp\/v2\/product\/10629","targetHints":{"allow":["GET"]}}],"collection":[{"href":"https:\/\/www.bunterwaesche.com\/shop_ch\/wp-json\/wp\/v2\/product"}],"about":[{"href":"https:\/\/www.bunterwaesche.com\/shop_ch\/wp-json\/wp\/v2\/types\/product"}],"wp:featuredmedia":[{"embeddable":true,"href":"https:\/\/www.bunterwaesche.com\/shop_ch\/wp-json\/wp\/v2\/media\/10653"}],"wp:attachment":[{"href":"https:\/\/www.bunterwaesche.com\/shop_ch\/wp-json\/wp\/v2\/media?parent=10629"}],"wp:term":[{"taxonomy":"product_brand","embeddable":true,"href":"https:\/\/www.bunterwaesche.com\/shop_ch\/wp-json\/wp\/v2\/product_brand?post=10629"},{"taxonomy":"product_cat","embeddable":true,"href":"https:\/\/www.bunterwaesche.com\/shop_ch\/wp-json\/wp\/v2\/product_cat?post=10629"},{"taxonomy":"product_tag","embeddable":true,"href":"https:\/\/www.bunterwaesche.com\/shop_ch\/wp-json\/wp\/v2\/product_tag?post=10629"}],"curies":[{"name":"wp","href":"https:\/\/api.w.org\/{rel}","templated":true}]}}