{"id":10662,"date":"2021-04-30T17:35:05","date_gmt":"2021-04-30T15:35:05","guid":{"rendered":"https:\/\/www.bunterwaesche.com\/shop_ch\/?post_type=product&#038;p=10662"},"modified":"2025-08-28T16:06:35","modified_gmt":"2025-08-28T14:06:35","slug":"invisible-slip-lace-black","status":"publish","type":"product","link":"https:\/\/www.bunterwaesche.com\/shop_ch\/produkt\/invisible-slip-lace-black\/","title":{"rendered":"Invisible Slip lace black"},"content":{"rendered":"<p>Bequem, feminin und in bester Qualit\u00e4t &#8211; dieser Damenslip aus der &#8222;Invisible Lace&#8220;-Serie ist ein wahrer Allesk\u00f6nner! Ganz nach dem Motto &#8222;Ein sch\u00f6ner R\u00fccken kann auch entz\u00fccken&#8220; trumpft die Unterhose mit einem charmanten Aha-Effekt: Vorne sorgt extra-softe Microfaser mit Peach-Finish f\u00fcr ein komfortables Tragegef\u00fchl, w\u00e4hrend der R\u00fcckteil aus floraler, transparenter Spitze besteht. Die besonders flachen Abschl\u00fcsse setzen die i-T\u00fcpfelchen und machen aus dem Slip einen absolutes Lieblingsst\u00fcck!<\/p>\n<p>aus der SCHIESSER-Serie &#8222;Invisible Lace&#8220;<br \/>\nVorderteil aus extra-softer Microfaser mit Peach-Finish<br \/>\nR\u00fcckteil aus weicher, wundersch\u00f6ner Spitze<br \/>\nbesonders flache Bein- und Bundabschl\u00fcsse f\u00fcr hohen Tragekomfort<br \/>\nperfekte Passform durch nicht st\u00f6rende Mittelnaht am Ges\u00e4\u00df<br \/>\nin herrlich bequemer, elastischer Single-Jersey-Qualit\u00e4t mit Spitze<\/p>\n","protected":false},"excerpt":{"rendered":"<p>Bequem, feminin und in bester Qualit\u00e4t &#8211; dieser Damenslip aus der &#8222;Invisible Lace&#8220;-Serie ist ein wahrer Allesk\u00f6nner! Ganz nach dem Motto &#8222;Ein sch\u00f6ner R\u00fccken kann auch entz\u00fccken&#8220; trumpft die Unterhose mit einem charmanten Aha-Effekt: Vorne sorgt extra-softe Microfaser mit Peach-Finish f\u00fcr ein komfortables Tragegef\u00fchl, w\u00e4hrend der R\u00fcckteil aus floraler, transparenter Spitze besteht. Die besonders flachen [&hellip;]<\/p>\n","protected":false},"featured_media":12848,"template":"","meta":[],"product_brand":[],"product_cat":[433],"product_tag":[30,157,246],"class_list":{"0":"post-10662","1":"product","2":"type-product","3":"status-publish","4":"has-post-thumbnail","6":"product_cat-schiesser","7":"product_tag-black","8":"product_tag-lace","9":"product_tag-slip","10":"pa_groesse-l","11":"pa_groesse-m","12":"pa_groesse-s","13":"pa_groesse-xl","14":"pa_groesse-xs","15":"pa_groesse-xxl","17":"first","18":"instock","19":"taxable","20":"shipping-taxable","21":"purchasable","22":"product-type-variable"},"_links":{"self":[{"href":"https:\/\/www.bunterwaesche.com\/shop_ch\/wp-json\/wp\/v2\/product\/10662","targetHints":{"allow":["GET"]}}],"collection":[{"href":"https:\/\/www.bunterwaesche.com\/shop_ch\/wp-json\/wp\/v2\/product"}],"about":[{"href":"https:\/\/www.bunterwaesche.com\/shop_ch\/wp-json\/wp\/v2\/types\/product"}],"wp:featuredmedia":[{"embeddable":true,"href":"https:\/\/www.bunterwaesche.com\/shop_ch\/wp-json\/wp\/v2\/media\/12848"}],"wp:attachment":[{"href":"https:\/\/www.bunterwaesche.com\/shop_ch\/wp-json\/wp\/v2\/media?parent=10662"}],"wp:term":[{"taxonomy":"product_brand","embeddable":true,"href":"https:\/\/www.bunterwaesche.com\/shop_ch\/wp-json\/wp\/v2\/product_brand?post=10662"},{"taxonomy":"product_cat","embeddable":true,"href":"https:\/\/www.bunterwaesche.com\/shop_ch\/wp-json\/wp\/v2\/product_cat?post=10662"},{"taxonomy":"product_tag","embeddable":true,"href":"https:\/\/www.bunterwaesche.com\/shop_ch\/wp-json\/wp\/v2\/product_tag?post=10662"}],"curies":[{"name":"wp","href":"https:\/\/api.w.org\/{rel}","templated":true}]}}