{"id":21622,"date":"2024-11-13T15:35:38","date_gmt":"2024-11-13T14:35:38","guid":{"rendered":"https:\/\/www.bunterwaesche.com\/shop_ch\/?post_type=product&#038;p=21622"},"modified":"2025-01-20T14:19:56","modified_gmt":"2025-01-20T13:19:56","slug":"filzpantoffeln-halfbird-jetzt","status":"publish","type":"product","link":"https:\/\/www.bunterwaesche.com\/shop_ch\/produkt\/filzpantoffeln-halfbird-jetzt\/","title":{"rendered":"Filzpantoffeln Halfbird Jetzt"},"content":{"rendered":"<p>Der Halfbird Jetzt Filzpantoffel vereint Stil und Komfort in einem besonderen Design, das von der K\u00fcnstlerin Ramona Zirk, auch bekannt als Halfbird, entworfen wurde. Auf dem hochwertigen, gr\u00fcnen italienischen Wollfilz ist eine aufwendige Stickerei mit einem Zebra und liebevoll gestalteten Details zu sehen. Ein humorvolles Motiv, das Freude und Gem\u00fctlichkeit in deinen Alltag bringt.<\/p>\n<p>Mit seiner rutschhemmenden Kleeblattdruck-Sohle bietet dieser Pantoffel Sicherheit und einen festen Stand, ob beim entspannten Schlendern durch die Wohnung oder beim Relaxen auf der Couch. Handgefertigt in unserer Pantoffelwerkstatt in Portugal, ist er leicht und angenehm zu tragen \u2013 dein idealer Begleiter f\u00fcr das ganze Jahr.<\/p>\n<p>Dieser Filzpantoffel ist mehr als nur ein Schuh; er ist ein kleines St\u00fcck Luxus f\u00fcr deinen Alltag. Mit dem Halfbird Jetzt Pantoffel ist gl\u00fccklich sein ganz einfach. Bestell ihn jetzt und erlebe selbst, wie stilvoll und bequem dein Zuhause sein kann.<\/p>\n","protected":false},"excerpt":{"rendered":"<p>Der Halfbird Jetzt Filzpantoffel vereint Stil und Komfort in einem besonderen Design, das von der K\u00fcnstlerin Ramona Zirk, auch bekannt als Halfbird, entworfen wurde. Auf dem hochwertigen, gr\u00fcnen italienischen Wollfilz ist eine aufwendige Stickerei mit einem Zebra und liebevoll gestalteten Details zu sehen. Ein humorvolles Motiv, das Freude und Gem\u00fctlichkeit in deinen Alltag bringt. Mit [&hellip;]<\/p>\n","protected":false},"featured_media":21632,"template":"","meta":[],"product_brand":[],"product_cat":[185],"product_tag":[],"class_list":{"0":"post-21622","1":"product","2":"type-product","3":"status-publish","4":"has-post-thumbnail","6":"product_cat-pantoffeln","7":"pa_groesse-36-37","8":"pa_groesse-38-39","9":"pa_groesse-40-41","10":"pa_groesse-42-43","11":"pa_groesse-44-45","12":"pa_groesse-46-47","14":"first","15":"instock","16":"taxable","17":"shipping-taxable","18":"purchasable","19":"product-type-variable"},"_links":{"self":[{"href":"https:\/\/www.bunterwaesche.com\/shop_ch\/wp-json\/wp\/v2\/product\/21622","targetHints":{"allow":["GET"]}}],"collection":[{"href":"https:\/\/www.bunterwaesche.com\/shop_ch\/wp-json\/wp\/v2\/product"}],"about":[{"href":"https:\/\/www.bunterwaesche.com\/shop_ch\/wp-json\/wp\/v2\/types\/product"}],"wp:featuredmedia":[{"embeddable":true,"href":"https:\/\/www.bunterwaesche.com\/shop_ch\/wp-json\/wp\/v2\/media\/21632"}],"wp:attachment":[{"href":"https:\/\/www.bunterwaesche.com\/shop_ch\/wp-json\/wp\/v2\/media?parent=21622"}],"wp:term":[{"taxonomy":"product_brand","embeddable":true,"href":"https:\/\/www.bunterwaesche.com\/shop_ch\/wp-json\/wp\/v2\/product_brand?post=21622"},{"taxonomy":"product_cat","embeddable":true,"href":"https:\/\/www.bunterwaesche.com\/shop_ch\/wp-json\/wp\/v2\/product_cat?post=21622"},{"taxonomy":"product_tag","embeddable":true,"href":"https:\/\/www.bunterwaesche.com\/shop_ch\/wp-json\/wp\/v2\/product_tag?post=21622"}],"curies":[{"name":"wp","href":"https:\/\/api.w.org\/{rel}","templated":true}]}}