{"id":22236,"date":"2025-02-20T10:00:18","date_gmt":"2025-02-20T09:00:18","guid":{"rendered":"https:\/\/www.bunterwaesche.com\/shop_ch\/?post_type=product&#038;p=22236"},"modified":"2025-10-16T17:17:06","modified_gmt":"2025-10-16T15:17:06","slug":"cooper-cosmetic-purse-medium-querida-dark-blue","status":"publish","type":"product","link":"https:\/\/www.bunterwaesche.com\/shop_ch\/produkt\/cooper-cosmetic-purse-medium-querida-dark-blue\/","title":{"rendered":"Cooper Cosmetic Purse medium Querida dark blue"},"content":{"rendered":"<p>Die Kosmetiktasche Cooper Mittelgross ist eine kompakte Tasche mit Charakter. Das Format von 22,5\u00d79,5x15cm bietet ausreichend Platz f\u00fcr deine t\u00e4glichen Beauty-Essentials. Au\u00dferdem verf\u00fcgt diese Tasche \u00fcber zwei F\u00e4cher perfekt f\u00fcr deine wichtigsten Dinge! <\/p>\n","protected":false},"excerpt":{"rendered":"<p>Die Kosmetiktasche Cooper Mittelgross ist eine kompakte Tasche mit Charakter. Das Format von 22,5\u00d79,5x15cm bietet ausreichend Platz f\u00fcr deine t\u00e4glichen Beauty-Essentials. Au\u00dferdem verf\u00fcgt diese Tasche \u00fcber zwei F\u00e4cher perfekt f\u00fcr deine wichtigsten Dinge!<\/p>\n","protected":false},"featured_media":24143,"template":"","meta":[],"product_brand":[],"product_cat":[455],"product_tag":[92,180,469],"class_list":{"0":"post-22236","1":"product","2":"type-product","3":"status-publish","4":"has-post-thumbnail","6":"product_cat-taschen","7":"product_tag-blue","8":"product_tag-pip-studio","9":"product_tag-querida","11":"first","12":"instock","13":"taxable","14":"shipping-taxable","15":"purchasable","16":"product-type-simple"},"_links":{"self":[{"href":"https:\/\/www.bunterwaesche.com\/shop_ch\/wp-json\/wp\/v2\/product\/22236","targetHints":{"allow":["GET"]}}],"collection":[{"href":"https:\/\/www.bunterwaesche.com\/shop_ch\/wp-json\/wp\/v2\/product"}],"about":[{"href":"https:\/\/www.bunterwaesche.com\/shop_ch\/wp-json\/wp\/v2\/types\/product"}],"wp:featuredmedia":[{"embeddable":true,"href":"https:\/\/www.bunterwaesche.com\/shop_ch\/wp-json\/wp\/v2\/media\/24143"}],"wp:attachment":[{"href":"https:\/\/www.bunterwaesche.com\/shop_ch\/wp-json\/wp\/v2\/media?parent=22236"}],"wp:term":[{"taxonomy":"product_brand","embeddable":true,"href":"https:\/\/www.bunterwaesche.com\/shop_ch\/wp-json\/wp\/v2\/product_brand?post=22236"},{"taxonomy":"product_cat","embeddable":true,"href":"https:\/\/www.bunterwaesche.com\/shop_ch\/wp-json\/wp\/v2\/product_cat?post=22236"},{"taxonomy":"product_tag","embeddable":true,"href":"https:\/\/www.bunterwaesche.com\/shop_ch\/wp-json\/wp\/v2\/product_tag?post=22236"}],"curies":[{"name":"wp","href":"https:\/\/api.w.org\/{rel}","templated":true}]}}