{"id":22239,"date":"2025-02-20T10:00:51","date_gmt":"2025-02-20T09:00:51","guid":{"rendered":"https:\/\/www.bunterwaesche.com\/shop_ch\/?post_type=product&#038;p=22239"},"modified":"2025-10-16T15:24:09","modified_gmt":"2025-10-16T13:24:09","slug":"casey-beauty-case-querida-dark-blue","status":"publish","type":"product","link":"https:\/\/www.bunterwaesche.com\/shop_ch\/produkt\/casey-beauty-case-querida-dark-blue\/","title":{"rendered":"Casey Beauty Case Querida dark blue"},"content":{"rendered":"<p>Mit dieser wundersch\u00f6nen dunkelblauen Beautycase aus der Querida Kollektion hast du deine Lieblingspflegeprodukte immer griffbereit. Der sehr feine Querida-Druck besteht aus Blumen- und Bl\u00e4tterb\u00fcscheln, die sich vom Hintergrund abheben. Die Beautycase ist mit einem praktischen Griff ausgestattet, sodass du sie m\u00fchelos \u00fcberallhin mitnehmen kannst. Das wasserdichte Innenfutter sorgt daf\u00fcr, dass sie leicht zu reinigen ist. Au\u00dferdem verf\u00fcgt diese Beautycase \u00fcber zwei ger\u00e4umige F\u00e4cher, die perfekt f\u00fcr all deine Essentials sind!<\/p>\n","protected":false},"excerpt":{"rendered":"<p>Mit dieser wundersch\u00f6nen dunkelblauen Beautycase aus der Querida Kollektion hast du deine Lieblingspflegeprodukte immer griffbereit. Der sehr feine Querida-Druck besteht aus Blumen- und Bl\u00e4tterb\u00fcscheln, die sich vom Hintergrund abheben. Die Beautycase ist mit einem praktischen Griff ausgestattet, sodass du sie m\u00fchelos \u00fcberallhin mitnehmen kannst. Das wasserdichte Innenfutter sorgt daf\u00fcr, dass sie leicht zu reinigen ist. [&hellip;]<\/p>\n","protected":false},"featured_media":22245,"template":"","meta":[],"product_brand":[],"product_cat":[455],"product_tag":[92,180,469,495],"class_list":{"0":"post-22239","1":"product","2":"type-product","3":"status-publish","4":"has-post-thumbnail","6":"product_cat-taschen","7":"product_tag-blue","8":"product_tag-pip-studio","9":"product_tag-querida","10":"product_tag-taschen","12":"first","13":"instock","14":"taxable","15":"shipping-taxable","16":"purchasable","17":"product-type-simple"},"_links":{"self":[{"href":"https:\/\/www.bunterwaesche.com\/shop_ch\/wp-json\/wp\/v2\/product\/22239","targetHints":{"allow":["GET"]}}],"collection":[{"href":"https:\/\/www.bunterwaesche.com\/shop_ch\/wp-json\/wp\/v2\/product"}],"about":[{"href":"https:\/\/www.bunterwaesche.com\/shop_ch\/wp-json\/wp\/v2\/types\/product"}],"wp:featuredmedia":[{"embeddable":true,"href":"https:\/\/www.bunterwaesche.com\/shop_ch\/wp-json\/wp\/v2\/media\/22245"}],"wp:attachment":[{"href":"https:\/\/www.bunterwaesche.com\/shop_ch\/wp-json\/wp\/v2\/media?parent=22239"}],"wp:term":[{"taxonomy":"product_brand","embeddable":true,"href":"https:\/\/www.bunterwaesche.com\/shop_ch\/wp-json\/wp\/v2\/product_brand?post=22239"},{"taxonomy":"product_cat","embeddable":true,"href":"https:\/\/www.bunterwaesche.com\/shop_ch\/wp-json\/wp\/v2\/product_cat?post=22239"},{"taxonomy":"product_tag","embeddable":true,"href":"https:\/\/www.bunterwaesche.com\/shop_ch\/wp-json\/wp\/v2\/product_tag?post=22239"}],"curies":[{"name":"wp","href":"https:\/\/api.w.org\/{rel}","templated":true}]}}