{"id":23843,"date":"2025-10-03T13:47:15","date_gmt":"2025-10-03T11:47:15","guid":{"rendered":"https:\/\/www.bunterwaesche.com\/shop_ch\/?post_type=product&#038;p=23843"},"modified":"2025-10-03T14:55:14","modified_gmt":"2025-10-03T12:55:14","slug":"bustier_spitze-mit-pad-indigo","status":"publish","type":"product","link":"https:\/\/www.bunterwaesche.com\/shop_ch\/produkt\/bustier_spitze-mit-pad-indigo\/","title":{"rendered":"Bustier_Spitze mit Pad indigo"},"content":{"rendered":"<p>indigo-farbenes Bustier f\u00fcr Damen<br \/>\naus der SCHIESSER Serie \u201eInvisible Soft Lace\u201c<br \/>\nmit zartem Spitzeneinsatz an den Tr\u00e4gern und herausnehmbaren Pads<br \/>\nbeflockte S\u00e4ume und Tr\u00e4ger verhindern Verrutschen und sorgen f\u00fcr eine perfekte Passform<br \/>\nLasercut-Abschl\u00fcse bieten h\u00f6chsten Tragekomfort<br \/>\nin super softer, elastischer Single-Jersey-Qualit\u00e4t mit Seamless-Effekt<\/p>\n","protected":false},"excerpt":{"rendered":"<p>indigo-farbenes Bustier f\u00fcr Damen aus der SCHIESSER Serie \u201eInvisible Soft Lace\u201c mit zartem Spitzeneinsatz an den Tr\u00e4gern und herausnehmbaren Pads beflockte S\u00e4ume und Tr\u00e4ger verhindern Verrutschen und sorgen f\u00fcr eine perfekte Passform Lasercut-Abschl\u00fcse bieten h\u00f6chsten Tragekomfort in super softer, elastischer Single-Jersey-Qualit\u00e4t mit Seamless-Effekt<\/p>\n","protected":false},"featured_media":23807,"template":"","meta":[],"product_brand":[],"product_cat":[433],"product_tag":[511],"class_list":{"0":"post-23843","1":"product","2":"type-product","3":"status-publish","4":"has-post-thumbnail","6":"product_cat-schiesser","7":"product_tag-indigo","8":"pa_groesse-l","9":"pa_groesse-m","10":"pa_groesse-s","11":"pa_groesse-xl","12":"pa_groesse-xs","13":"pa_groesse-xxl","15":"first","16":"instock","17":"taxable","18":"shipping-taxable","19":"purchasable","20":"product-type-variable"},"_links":{"self":[{"href":"https:\/\/www.bunterwaesche.com\/shop_ch\/wp-json\/wp\/v2\/product\/23843","targetHints":{"allow":["GET"]}}],"collection":[{"href":"https:\/\/www.bunterwaesche.com\/shop_ch\/wp-json\/wp\/v2\/product"}],"about":[{"href":"https:\/\/www.bunterwaesche.com\/shop_ch\/wp-json\/wp\/v2\/types\/product"}],"wp:featuredmedia":[{"embeddable":true,"href":"https:\/\/www.bunterwaesche.com\/shop_ch\/wp-json\/wp\/v2\/media\/23807"}],"wp:attachment":[{"href":"https:\/\/www.bunterwaesche.com\/shop_ch\/wp-json\/wp\/v2\/media?parent=23843"}],"wp:term":[{"taxonomy":"product_brand","embeddable":true,"href":"https:\/\/www.bunterwaesche.com\/shop_ch\/wp-json\/wp\/v2\/product_brand?post=23843"},{"taxonomy":"product_cat","embeddable":true,"href":"https:\/\/www.bunterwaesche.com\/shop_ch\/wp-json\/wp\/v2\/product_cat?post=23843"},{"taxonomy":"product_tag","embeddable":true,"href":"https:\/\/www.bunterwaesche.com\/shop_ch\/wp-json\/wp\/v2\/product_tag?post=23843"}],"curies":[{"name":"wp","href":"https:\/\/api.w.org\/{rel}","templated":true}]}}